{"id":1729,"date":"2022-02-19T19:44:56","date_gmt":"2022-02-19T17:44:56","guid":{"rendered":"https:\/\/selid.services\/?page_id=1729"},"modified":"2022-11-03T12:26:07","modified_gmt":"2022-11-03T10:26:07","slug":"qualitat","status":"publish","type":"page","link":"https:\/\/selid.services\/ca\/sobre-selid\/qualitat\/","title":{"rendered":"Qualitat"},"content":{"rendered":"\t\t<div data-elementor-type=\"wp-page\" data-elementor-id=\"1729\" class=\"elementor elementor-1729 elementor-1700\">\n\t\t\t\t\t\t<section class=\"elementor-section elementor-top-section elementor-element elementor-element-7f2a58a9 elementor-section-stretched elementor-section-boxed elementor-section-height-default elementor-section-height-default\" data-id=\"7f2a58a9\" data-element_type=\"section\" data-e-type=\"section\" data-settings=\"{&quot;stretch_section&quot;:&quot;section-stretched&quot;,&quot;background_background&quot;:&quot;classic&quot;}\">\n\t\t\t\t\t\t\t<div class=\"elementor-background-overlay\"><\/div>\n\t\t\t\t\t\t\t<div class=\"elementor-container elementor-column-gap-default\">\n\t\t\t\t\t<div class=\"elementor-column elementor-col-100 elementor-top-column elementor-element elementor-element-60e36031\" data-id=\"60e36031\" data-element_type=\"column\" data-e-type=\"column\">\n\t\t\t<div class=\"elementor-widget-wrap elementor-element-populated\">\n\t\t\t\t\t\t<div class=\"elementor-element elementor-element-112ee06 elementor-widget elementor-widget-spacer\" data-id=\"112ee06\" data-element_type=\"widget\" data-e-type=\"widget\" data-widget_type=\"spacer.default\">\n\t\t\t\t<div class=\"elementor-widget-container\">\n\t\t\t\t\t\t\t<div class=\"elementor-spacer\">\n\t\t\t<div class=\"elementor-spacer-inner\"><\/div>\n\t\t<\/div>\n\t\t\t\t\t\t<\/div>\n\t\t\t\t<\/div>\n\t\t\t\t<div class=\"elementor-element elementor-element-5be8d00 elementor-widget elementor-widget-heading\" data-id=\"5be8d00\" data-element_type=\"widget\" data-e-type=\"widget\" data-widget_type=\"heading.default\">\n\t\t\t\t<div class=\"elementor-widget-container\">\n\t\t\t\t\t<h6 class=\"elementor-heading-title elementor-size-default\">_ QUI SOM\n<\/h6>\t\t\t\t<\/div>\n\t\t\t\t<\/div>\n\t\t\t\t<div class=\"elementor-element elementor-element-c2d6278 elementor-widget elementor-widget-heading\" data-id=\"c2d6278\" data-element_type=\"widget\" data-e-type=\"widget\" data-widget_type=\"heading.default\">\n\t\t\t\t<div class=\"elementor-widget-container\">\n\t\t\t\t\t<h1 class=\"elementor-heading-title elementor-size-default\">Qualitat<\/h1>\t\t\t\t<\/div>\n\t\t\t\t<\/div>\n\t\t\t\t<div class=\"elementor-element elementor-element-e463c5c elementor-widget elementor-widget-heading\" data-id=\"e463c5c\" data-element_type=\"widget\" data-e-type=\"widget\" data-widget_type=\"heading.default\">\n\t\t\t\t<div class=\"elementor-widget-container\">\n\t\t\t\t\t<h2 class=\"elementor-heading-title elementor-size-default\">POL\u00cdTICA DE QUALITAT, MEDI AMBIENT, SEGURETAT I SALUT EN EL TREBALL I RESPONSABILITAT SOCIAL<\/h2>\t\t\t\t<\/div>\n\t\t\t\t<\/div>\n\t\t\t\t<div class=\"elementor-element elementor-element-39d8ceb elementor-widget elementor-widget-text-editor\" data-id=\"39d8ceb\" data-element_type=\"widget\" data-e-type=\"widget\" data-widget_type=\"text-editor.default\">\n\t\t\t\t<div class=\"elementor-widget-container\">\n\t\t\t\t\t\t\t\t\t<p><strong>SELID<\/strong> est\u00e0 especialitzada en gesti\u00f3 i realitzaci\u00f3 de facility services: entre d&#8217;altres, <strong>neteja, higiene t\u00e8cnica i serveis auxiliars, desenvolupats tots principalment per persones amb diversos perfils de discapacitat<\/strong>, i basa la seva pol\u00edtica a aconseguir la m\u00e0xima satisfacci\u00f3 del client, com a garantia d&#8217;\u00e8xit i continu\u00eftat al mercat.<\/p><p>La Direcci\u00f3 disposa, com a objectiu, la realitzaci\u00f3 de serveis de les nostres especialitats de manera que SUPERIN les expectatives dels nostres clients i parts interessades quant a:<\/p><ul><li>Control del sistema i seguiment: <strong>M\u00c8TODE<\/strong>.<\/li><li>Sentit professional i obsessi\u00f3 pels detalls: <strong>EFECTIVITAT<\/strong>.<\/li><li>Inversi\u00f3 i millora cont\u00ednua: <strong>INNOVACI\u00d3 i PROACTIVITAT<\/strong>.<\/li><li>Adaptaci\u00f3 a les necessitats del client: <strong>FLEXIBILITAT<\/strong>.<\/li><li>Un equip hum\u00e0 format i motivat a qu\u00e8 s&#8217;ofereix oportunitats: <strong>IL\u00b7LUSI\u00d3<\/strong>.<\/li><li>Con\u00e8ixer tant les persones com els llocs de treball per maximitzar la satisfacci\u00f3, la salut i el benestar mitjan\u00e7ant un acompanyament i una adaptaci\u00f3 personal i individualitzat: <strong>SINGULARITAT<\/strong>.<\/li><li>Gesti\u00f3 respectuosa amb la diversitat, que promogui la millora i el desenvolupament professional per maximitzar la inclusi\u00f3 laboral dins i fora del mercat laboral protegit: <strong>HUMANITAT i POSITIVITAT<\/strong>.<\/li><li>Protecci\u00f3 del medi ambient, comprom\u00eds amb la seguretat i salut a la feina, aix\u00ed com les persones m\u00e9s vulnerables: <strong>RESPONSABILITAT<\/strong>.<\/li><\/ul><p>Com a part fonamental per aconseguir objectius, la Direcci\u00f3 General assegura els recursos necessaris per al desenvolupament d&#8217;un sistema de gesti\u00f3 segons els requisits de les normes ISO 9001, ISO 14001 i ISO 45.000.<\/p><p>Aix\u00ed mateix assumeix els compromisos, tant per a les activitats desenvolupades en primera persona com a trav\u00e9s de qualsevol empresa col\u00b7laboradora externa, de:<\/p><ul><li>Complir els requisits <strong>legals<\/strong>\/reglamentaris aplicables a totes i cadascuna de les nostres activitats i altres requisits.<\/li><li>Opci\u00f3 pels m\u00e8todes de treball que contribueixin, a igualtat de costos i funcionalitat, a la <strong>major seguretat<\/strong> i salut a la feina, prevenci\u00f3 de la contaminaci\u00f3 i de la protecci\u00f3 del medi ambient.<\/li><li>Col\u00b7laborar activament amb els objectius de <strong>desenvolupament sostenible<\/strong> (ODS) i l&#8217;economia de proximitat.<\/li><li>Garantir la qualitat i la <strong>millora cont\u00ednua<\/strong> dels nostres serveis per ser una empresa competent professionalment, innovadora i competitiva per als nostres clients i sostenible econ\u00f2micament a curt i llarg termini per als nostres empleats.<\/li><li>Fomentar activament un <strong>entorn de treball<\/strong> \u00edntegre, saludable, inclusiu i respectu\u00f3s amb les difer\u00e8ncies.<\/li><li>Tenir i promoure un <strong>comportament social<\/strong> responsable tant cap als empleats propis, subcontractes i entitats socials amb qu\u00e8 col\u00b7laborem, aix\u00ed com amb els territoris on treballem.<\/li><li>Liderar amb l&#8217;exemple, a tots nivells, per a qu\u00e8 Selid sigui <strong>una organitzaci\u00f3 humana i positiva amb persones positives<\/strong>.<\/li><li>Oferir als nostres treballadors un entorn de treball segur garantint una <strong>adaptaci\u00f3 plena<\/strong> dels llocs de treball.<\/li><\/ul><p>Es volen complir totes aquestes expectatives en base a objectius clarament definits que es revisen peri\u00f2dicament per la Direcci\u00f3 i el Comit\u00e8 del SIG. En aquesta revisi\u00f3 s&#8217;analitzen els resultats i es marquen nous objectius per processos encaminats cap a la millora cont\u00ednua.<\/p><p>Aquesta pol\u00edtica es comunica proactivament a tots els nostres treballadors i est\u00e0 a disposici\u00f3 de la resta de col\u00b7laboradors.<\/p><p><em>Barcelona, \u200b\u200b15 de desembre de 2021<\/em><\/p>\t\t\t\t\t\t\t\t<\/div>\n\t\t\t\t<\/div>\n\t\t\t\t<div class=\"elementor-element elementor-element-ade59d9 elementor-widget elementor-widget-spacer\" data-id=\"ade59d9\" data-element_type=\"widget\" data-e-type=\"widget\" data-widget_type=\"spacer.default\">\n\t\t\t\t<div class=\"elementor-widget-container\">\n\t\t\t\t\t\t\t<div class=\"elementor-spacer\">\n\t\t\t<div class=\"elementor-spacer-inner\"><\/div>\n\t\t<\/div>\n\t\t\t\t\t\t<\/div>\n\t\t\t\t<\/div>\n\t\t\t\t\t<\/div>\n\t\t<\/div>\n\t\t\t\t\t<\/div>\n\t\t<\/section>\n\t\t\t\t<\/div>\n\t\t","protected":false},"excerpt":{"rendered":"<p>_ QUI SOM Qualitat POL\u00cdTICA DE QUALITAT, MEDI AMBIENT, SEGURETAT I SALUT EN EL TREBALL I RESPONSABILITAT SOCIAL SELID est\u00e0 especialitzada en gesti\u00f3 i realitzaci\u00f3 de<span class=\"excerpt-hellip\"> [\u2026]<\/span><\/p>\n","protected":false},"author":3,"featured_media":0,"parent":1247,"menu_order":0,"comment_status":"closed","ping_status":"closed","template":"","meta":{"footnotes":""},"class_list":["post-1729","page","type-page","status-publish","hentry"],"_links":{"self":[{"href":"https:\/\/selid.services\/ca\/wp-json\/wp\/v2\/pages\/1729","targetHints":{"allow":["GET"]}}],"collection":[{"href":"https:\/\/selid.services\/ca\/wp-json\/wp\/v2\/pages"}],"about":[{"href":"https:\/\/selid.services\/ca\/wp-json\/wp\/v2\/types\/page"}],"author":[{"embeddable":true,"href":"https:\/\/selid.services\/ca\/wp-json\/wp\/v2\/users\/3"}],"replies":[{"embeddable":true,"href":"https:\/\/selid.services\/ca\/wp-json\/wp\/v2\/comments?post=1729"}],"version-history":[{"count":11,"href":"https:\/\/selid.services\/ca\/wp-json\/wp\/v2\/pages\/1729\/revisions"}],"predecessor-version":[{"id":1875,"href":"https:\/\/selid.services\/ca\/wp-json\/wp\/v2\/pages\/1729\/revisions\/1875"}],"up":[{"embeddable":true,"href":"https:\/\/selid.services\/ca\/wp-json\/wp\/v2\/pages\/1247"}],"wp:attachment":[{"href":"https:\/\/selid.services\/ca\/wp-json\/wp\/v2\/media?parent=1729"}],"curies":[{"name":"wp","href":"https:\/\/api.w.org\/{rel}","templated":true}]}}

<div data-elementor-type="wp-page" data-elementor-id="1729" class="elementor elementor-1729 elementor-1700">
						<section class="elementor-section elementor-top-section elementor-element elementor-element-7f2a58a9 elementor-section-stretched elementor-section-boxed elementor-section-height-default elementor-section-height-default" data-id="7f2a58a9" data-element_type="section" data-e-type="section" data-settings="{&quot;stretch_section&quot;:&quot;section-stretched&quot;,&quot;background_background&quot;:&quot;classic&quot;}">
							<div class="elementor-background-overlay"></div>
							<div class="elementor-container elementor-column-gap-default">
					<div class="elementor-column elementor-col-100 elementor-top-column elementor-element elementor-element-60e36031" data-id="60e36031" data-element_type="column" data-e-type="column">
			<div class="elementor-widget-wrap elementor-element-populated">
						<div class="elementor-element elementor-element-112ee06 elementor-widget elementor-widget-spacer" data-id="112ee06" data-element_type="widget" data-e-type="widget" data-widget_type="spacer.default">
				<div class="elementor-widget-container">
							<div class="elementor-spacer">
			<div class="elementor-spacer-inner"></div>
		</div>
						</div>
				</div>
				<div class="elementor-element elementor-element-5be8d00 elementor-widget elementor-widget-heading" data-id="5be8d00" data-element_type="widget" data-e-type="widget" data-widget_type="heading.default">
				<div class="elementor-widget-container">
					<h6 class="elementor-heading-title elementor-size-default">_ QUI SOM
</h6>				</div>
				</div>
				<div class="elementor-element elementor-element-c2d6278 elementor-widget elementor-widget-heading" data-id="c2d6278" data-element_type="widget" data-e-type="widget" data-widget_type="heading.default">
				<div class="elementor-widget-container">
					<h1 class="elementor-heading-title elementor-size-default">Qualitat</h1>				</div>
				</div>
				<div class="elementor-element elementor-element-e463c5c elementor-widget elementor-widget-heading" data-id="e463c5c" data-element_type="widget" data-e-type="widget" data-widget_type="heading.default">
				<div class="elementor-widget-container">
					<h2 class="elementor-heading-title elementor-size-default">POLÍTICA DE QUALITAT, MEDI AMBIENT, SEGURETAT I SALUT EN EL TREBALL I RESPONSABILITAT SOCIAL</h2>				</div>
				</div>
				<div class="elementor-element elementor-element-39d8ceb elementor-widget elementor-widget-text-editor" data-id="39d8ceb" data-element_type="widget" data-e-type="widget" data-widget_type="text-editor.default">
				<div class="elementor-widget-container">
									<p><strong>SELID</strong> està especialitzada en gestió i realització de facility services: entre d&#8217;altres, <strong>neteja, higiene tècnica i serveis auxiliars, desenvolupats tots principalment per persones amb diversos perfils de discapacitat</strong>, i basa la seva política a aconseguir la màxima satisfacció del client, com a garantia d&#8217;èxit i continuïtat al mercat.</p><p>La Direcció disposa, com a objectiu, la realització de serveis de les nostres especialitats de manera que SUPERIN les expectatives dels nostres clients i parts interessades quant a:</p><ul><li>Control del sistema i seguiment: <strong>MÈTODE</strong>.</li><li>Sentit professional i obsessió pels detalls: <strong>EFECTIVITAT</strong>.</li><li>Inversió i millora contínua: <strong>INNOVACIÓ i PROACTIVITAT</strong>.</li><li>Adaptació a les necessitats del client: <strong>FLEXIBILITAT</strong>.</li><li>Un equip humà format i motivat a què s&#8217;ofereix oportunitats: <strong>IL·LUSIÓ</strong>.</li><li>Conèixer tant les persones com els llocs de treball per maximitzar la satisfacció, la salut i el benestar mitjançant un acompanyament i una adaptació personal i individualitzat: <strong>SINGULARITAT</strong>.</li><li>Gestió respectuosa amb la diversitat, que promogui la millora i el desenvolupament professional per maximitzar la inclusió laboral dins i fora del mercat laboral protegit: <strong>HUMANITAT i POSITIVITAT</strong>.</li><li>Protecció del medi ambient, compromís amb la seguretat i salut a la feina, així com les persones més vulnerables: <strong>RESPONSABILITAT</strong>.</li></ul><p>Com a part fonamental per aconseguir objectius, la Direcció General assegura els recursos necessaris per al desenvolupament d&#8217;un sistema de gestió segons els requisits de les normes ISO 9001, ISO 14001 i ISO 45.000.</p><p>Així mateix assumeix els compromisos, tant per a les activitats desenvolupades en primera persona com a través de qualsevol empresa col·laboradora externa, de:</p><ul><li>Complir els requisits <strong>legals</strong>/reglamentaris aplicables a totes i cadascuna de les nostres activitats i altres requisits.</li><li>Opció pels mètodes de treball que contribueixin, a igualtat de costos i funcionalitat, a la <strong>major seguretat</strong> i salut a la feina, prevenció de la contaminació i de la protecció del medi ambient.</li><li>Col·laborar activament amb els objectius de <strong>desenvolupament sostenible</strong> (ODS) i l&#8217;economia de proximitat.</li><li>Garantir la qualitat i la <strong>millora contínua</strong> dels nostres serveis per ser una empresa competent professionalment, innovadora i competitiva per als nostres clients i sostenible econòmicament a curt i llarg termini per als nostres empleats.</li><li>Fomentar activament un <strong>entorn de treball</strong> íntegre, saludable, inclusiu i respectuós amb les diferències.</li><li>Tenir i promoure un <strong>comportament social</strong> responsable tant cap als empleats propis, subcontractes i entitats socials amb què col·laborem, així com amb els territoris on treballem.</li><li>Liderar amb l&#8217;exemple, a tots nivells, per a què Selid sigui <strong>una organització humana i positiva amb persones positives</strong>.</li><li>Oferir als nostres treballadors un entorn de treball segur garantint una <strong>adaptació plena</strong> dels llocs de treball.</li></ul><p>Es volen complir totes aquestes expectatives en base a objectius clarament definits que es revisen periòdicament per la Direcció i el Comitè del SIG. En aquesta revisió s&#8217;analitzen els resultats i es marquen nous objectius per processos encaminats cap a la millora contínua.</p><p>Aquesta política es comunica proactivament a tots els nostres treballadors i està a disposició de la resta de col·laboradors.</p><p><em>Barcelona, ​​15 de desembre de 2021</em></p>								</div>
				</div>
				<div class="elementor-element elementor-element-ade59d9 elementor-widget elementor-widget-spacer" data-id="ade59d9" data-element_type="widget" data-e-type="widget" data-widget_type="spacer.default">
				<div class="elementor-widget-container">
							<div class="elementor-spacer">
			<div class="elementor-spacer-inner"></div>
		</div>
						</div>
				</div>
					</div>
		</div>
					</div>
		</section>
				</div>

<p>_ QUI SOM Qualitat POLÍTICA DE QUALITAT, MEDI AMBIENT, SEGURETAT I SALUT EN EL TREBALL I RESPONSABILITAT SOCIAL SELID està especialitzada en gestió i realització de<span class="excerpt-hellip"> […]</span></p>
